and y.
10
Let r(p) = -p**2 + 26*p + 17. Let n be r(25). Suppose 0*a + 6*a = n. What is the greatest common divisor of a and 21?
7
Suppose -360 = z - 4*z. Let n = z - 76. Calculate the highest common divisor of 4 and n.
4
Let v(u) = 3*u**2 - 7*u + 11. Suppose -8 = -8*b + 6*b. Let l be v(b). Calculate the highest common divisor of 31 and l.
31
Suppose 2*y - 22*y + 720 = 0. Calculate the greatest common divisor of y and 27.
9
Let z = 93 + -23. What is the highest common factor of 14 and z?
14
Suppose 80 = 3*c + 26. Let r = -155 + 209. What is the greatest common divisor of c and r?
18
Let s(a) = 10*a**2 - 12*a - 13. Let q be s(6). What is the greatest common factor of q and 25?
25
Suppose -41 + 37 = -c. Let u be -1 + c/(16/68). What is the greatest common divisor of 32 and u?
16
Suppose -4*i - 242 = 15*u - 16*u, -2*u = -5*i - 478. What is the highest common factor of 52 and u?
26
Let x = -120 + 416. Let y = 125 - 51. Let o = y - 37. What is the highest common divisor of o and x?
37
Let o = 52 - 42. Let h = o - 3. What is the greatest common divisor of 7 and h?
7
Let r = -191 - -197. Let m = 11 + -6. Let d be m + (-5 - -3) + 1. Calculate the highest common divisor of r and d.
2
Let i = 102 + -99. Suppose -2*y + i*y = 19. Calculate the highest common divisor of y and 38.
19
Let t = -13 + 16. Suppose 2*c + t = 3*c. Let r be (1/c)/((-1)/(-18)). What is the highest common factor of r and 54?
6
Let i = 21 + -31. Let b be ((-63)/2)/(5/i). What is the highest common divisor of b and 14?
7
Let f(q) = -12*q - 51. Let h be f(-20). Let l(u) = -2*u + 11. Let w be l(-8). What is the greatest common divisor of w and h?
27
Let a(j) = j**3 - 6*j**2 - 5*j - 8. Let z be a(7). Let q be (-1*20)/((-4)/z). What is the greatest common factor of 75 and q?
15
Let l = 94 - 50. Let q = 6 + -4. Let o = 13 - q. Calculate the greatest common factor of l and o.
11
Suppose -a - 16*o + 12*o + 85 = 0, -2*o - 381 = -5*a. Calculate the greatest common divisor of 176 and a.
11
Suppose -5*x + 59 = 3*m, 3*m - 5*m = -4*x - 32. Calculate the greatest common divisor of 189 and m.
9
Suppose -3*l + 5*m = -292, -12 = l + m - 120. What is the greatest common factor of l and 8?
8
Suppose -84*c = -5454 - 90. What is the greatest common divisor of c and 1210?
22
Let o(l) = 5*l - 1. Let b(p) = -4 + 2 + 0 + 1. Let w(d) = -3*b(d) + o(d). Let s be w(5). What is the highest common factor of s and 18?
9
Let n = 17 + -12. Let u = 25 + n. What is the highest common divisor of 12 and u?
6
Suppose 102 = 5*h + 3*j, h + 0*j + j - 22 = 0. Let m be (66/h)/((-1)/(-6)). Let d = m + -2. Calculate the greatest common divisor of d and 20.
20
Let p(f) = f**2 - 13*f - 6. Let r be p(13). Let m be ((-204)/9)/(r/9). Calculate the highest common divisor of 85 and m.
17
Let p(x) be the first derivative of x**4/4 - 14*x**3/3 + 7*x**2 - 11*x + 10. Let z be p(13). Calculate the highest common divisor of z and 10.
2
Let i(j) = -56*j + 69. Let m be i(-1). Let b(f) = -2*f**2 + 6*f - 2. Let o be b(4). Let a = o - -35. What is the greatest common divisor of a and m?
25
Suppose 0 = -2*b + 4*n + 842, 2*b + 4*n - 860 = -n. Let c = -243 + b. What is the highest common divisor of 14 and c?
14
Let v = -28 + 175. Calculate the highest common factor of 196 and v.
49
Suppose -4*c - 209 = -621. Suppose -c*y + 80 = -99*y. Calculate the greatest common factor of y and 70.
10
Suppose -7*d = j - 4*d - 123, 0 = -4*j + 4*d + 412. Suppose -135 = 2*k - 7*k - 5*q, 2*q + j = 4*k. What is the highest common factor of 27 and k?
27
Suppose -n + 81 = -3*q, -2*n - q = -n - 69. Calculate the greatest common divisor of 56 and n.
8
Let h(r) = -r**2 + 3*r - 4. Let o be h(4). Let j = o + 24. What is the greatest common divisor of j and 2?
2
Suppose -4*y + q = -0*y - 5, 0 = 2*q - 6. Suppose 3*z + 121 = d, -y*d = -z - 168 - 84. Let b = d + 49. What is the greatest common divisor of 16 and b?
16
Suppose 3*d = 4*d + 4*z + 2, 4*z + 32 = 2*d. Calculate the highest common divisor of 830 and d.
10
Let v = -21 - -89. Calculate the greatest common factor of v and 1156.
68
Let n = 2268 - 2205. Let c = 15 + -6. Suppose 16 = -5*f - c, 0 = z - 5*f - 32. Calculate the highest common divisor of n and z.
7
Let p be 15/(-2)*16/(-6). Let f(i) = -4*i**3 - 3*i**2 + i + 2. Let y be f(-2). Calculate the greatest common divisor of y and p.
20
Suppose -v = -69 + 49. Let t(f) = -4*f - 2. Let a be t(-3). Calculate the greatest common divisor of v and a.
10
Suppose 20*y - 4*t = 18*y + 588, -5*y = 3*t - 1405. What is the highest common divisor of y and 71?
71
Suppose 3*x = -5*w + 232, -2*w = -3*x - 0*w + 239. Let r = -141 + 290. Let g = r - x. Calculate the highest common divisor of 28 and g.
14
Suppose 0 = 3*g + 4*h - h - 5931, g = -2*h + 1974. What is the highest common divisor of 88 and g?
44
Suppose 10*i = 72 + 88. Calculate the greatest common divisor of 272 and i.
16
Let s = 71 + -55. Suppose -2*m - 8 = -d, -2*d - 14 = -6*d - m. What is the highest common factor of s and d?
4
Suppose -10 = 8*c - 42. Suppose -5*d + 37 = -2*g, d - c*g + 0 - 11 = 0. Calculate the highest common factor of 14 and d.
7
Suppose 0 = 7*q - 53 - 3. Calculate the greatest common divisor of q and 32.
8
Let t be 565/7 - (-10)/35. Suppose -3*c - t = -3*y, 8 = y + y. Let w = 43 + c. What is the highest common factor of 50 and w?
10
Suppose 95 - 29 = 3*b. Suppose 3*p = 5*a - 0*p - 95, -a + 42 = 4*p. Suppose -k = k - a. What is the highest common divisor of b and k?
11
Let m be (-1)/3 - ((-58)/3 - -2). Let u be (2/(-8))/(m/(-2652)). What is the highest common divisor of u and 26?
13
Let g be 5/(-10)*(-2 - (-36)/(-3)). Suppose 6*m + 22 = g*m. Calculate the greatest common divisor of 44 and m.
22
Let t be 1024/30 + (-20)/150. Let p = 40 - t. Calculate the greatest common divisor of 42 and p.
6
Let l be 4 - (-3 - ((-7)/(-1) + 564)). Calculate the highest common factor of 17 and l.
17
Let x(o) = -2*o - 8. Suppose 3*m - 30 = 3*h, 2*h + 35 = -2*h + 3*m. Let u be x(h). Suppose -u*c = c - 51. What is the greatest common divisor of c and 102?
17
Suppose -6*r - 3*t = -4*r - 8, -16 = -2*r + t. What is the greatest common divisor of 112 and r?
7
Let z(q) = -q + 9. Let u be z(5). Suppose -5*l + 2 - 27 = 0, -r = u*l - 58. Calculate the greatest common divisor of r and 52.
26
Let a = 145 + -68. Let w(i) be the second derivative of i**4/3 - i**3/2 - 3*i**2/2 - 10*i. Let q be w(2). What is the highest common divisor of q and a?
7
Let s = -1070 - -1504. What is the highest common divisor of 248 and s?
62
Suppose -4 = -0*o + o, -5*k - 5*o + 135 = 0. Suppose -25*m + 2422 + 1453 = 0. What is the highest common divisor of m and k?
31
Let w(v) = 5 + 12 - 4*v + 8*v - v**2. Let o be w(5). Let l be 186/15 + (-2)/5. Calculate the highest common divisor of l and o.
12
Suppose 5*i - 3 = 2*d - 2, 0 = -2*d + 4*i + 2. Suppose d*n + 10 = 9*n. Let v(z) = -z**2 + 7*z - 3. Let y be v(n). What is the highest common factor of y and 77?
7
Suppose -2*t = 3*t - 1575. Let k(a) = 12*a - 123. Let h be k(14). Calculate the greatest common divisor of t and h.
45
Let o(x) = -x**3 + 11*x**2 - 19*x + 23. Let h be o(7). Calculate the greatest common divisor of 344 and h.
86
Let c(o) = o**3 + 3*o**2 - 7*o - 9. Let h be c(-4). Suppose -5*q - h*v = -0*v - 137, -v - 1 = 0. What is the highest common divisor of 70 and q?
14
Let s = 213 - -2. Suppose s = -5*w + 10*w. What is the highest common factor of w and 301?
43
Let j(a) = -22*a + 1241. Let r be j(52). Calculate the greatest common factor of 2813 and r.
97
Suppose -z - 6*i + i + 30 = 0, z + 2*i = 15. What is the highest common divisor of z and 35?
5
Let g be (4/(-3) + -2)/(4/(-36)). Suppose 5*m + 9 = -3*y, -3*y - 2*m + 6*m = -18. Let l be ((-3)/y)/(3/(-150)). Calculate the greatest common factor of g and l.
15
Let c(s) = 12*s - 42. Let d be 3/15*39 - 2/(-10). Let a be c(d). What is the greatest common factor of 36 and a?
18
Let z be -4*(-12)/32*104. What is the greatest common factor of 12 and z?
12
Suppose -53 = -2*s - 0*s + 3*f, -4*s - f = -99. Let b = 6 + -1. Calculate the greatest common divisor of b and s.
5
Suppose -r + 3*c = -5*r - 5, -2*r - 8 = -4*c. Let q(v) = -3*v - 2. Let j be q(r). What is the greatest common divisor of 10 and j?
2
Suppose 67*q - 64*q - 81 = 0. Calculate the greatest common factor